e the prime factors of z?
2, 59
What are the prime factors of (-15268)/(-36) + 6/(-54)?
2, 53
Let o(j) = -j**2 + 2. Let z(k) = 2*k**2 - 4. Let d(l) = -7*o(l) - 3*z(l). What are the prime factors of d(-3)?
7
Suppose 0 = -5*g - 13 + 28, 3*g = -2*n + 13. Suppose n*t = -161 - 37. What are the prime factors of (8/(-6))/(6/t)?
2, 11
Let q = 14 + -12. Suppose 2*s - q*r - 18 = 0, 3*r = -0*s - 2*s - 2. List the prime factors of (s/(-5))/(1/(-17)).
17
Suppose -1044 = -5*v - 2*f, 3*v + f - 645 = 6*f. Suppose -2*t = -z + v, z + t - 222 + 15 = 0. List the prime factors of z.
2, 13
Suppose 0 = 5*g + 2*j - 141, -5*g + 2*j + 184 - 35 = 0. Let l be 0*(-2 + 0)/4. Suppose -h + g = -l*h. What are the prime factors of h?
29
Let v = 2 - 2. Suppose -10 = l + 2*c - 93, -4*l - 4*c + 320 = v. What are the prime factors of l?
7, 11
Let u(j) = j - 5. Suppose -28 = -5*t + q - 0*q, 0 = -3*t + 4*q + 10. Let g be u(t). Suppose -3*n + 8 = -g. List the prime factors of n.
3
Suppose -3*h + 23*n - 28*n + 239 = 0, 0 = -4*h + 3*n + 338. What are the prime factors of h?
83
Let r = 9 + 8. Let s = 17 - r. Suppose 0*x = 5*x - 5*l - 75, s = 2*x - 4*l - 30. What are the prime factors of x?
3, 5
Suppose -2*c = y - 2, y - 2*y = 4*c - 6. Suppose -o - 2*o + 3*b + 174 = 0, -2*o - c*b = -120. Suppose -2*x + o = -23. List the prime factors of x.
41
Let d be (-2 - (-3)/(-6))*-2. Suppose -256 = 2*b - 304. Let f = b - d. What are the prime factors of f?
19
Let y(c) = -c**3 - 2*c**2 - 2*c + 7. Let t be y(-6). Suppose 0 = 5*i + 3*x - 277, 0 = -2*i + x + t - 61. What are the prime factors of i?
53
Let f = 4 + 85. Suppose 5*x + 16 + f = 0. List the prime factors of 4/(-14) + (-468)/x.
2, 11
Let a(q) = -q**2 - 10*q - 7. Suppose 4*h = 28 - 8. Let j(c) = -3*c + 9. Let d be j(h). List the prime factors of a(d).
17
Let b(g) = -g**3 - 9*g**2 - 11*g + 2. List the prime factors of b(-11).
5, 73
Let b = 118 - 63. Suppose 4*w - 19 = -4*g + 5, w = -5*g + 6. Let u = b - w. What are the prime factors of u?
7
Let s(t) = -t**3 - 6*t + 2928. List the prime factors of s(0).
2, 3, 61
Let m(n) = -n**3 + n**2 - n + 5. Let q be m(0). Suppose -2*u - 2*u + 534 = v, 4*u - q*v = 546. What are the prime factors of u?
2, 67
Let f = -127 + 115. Let u(o) = o**3 + 6*o**2 - 4*o - 3. Let x be u(-7). Let a = f - x. List the prime factors of a.
2, 3
Let l be 3 + -2 - -3*1. Suppose -4*d = -2*x - 12, -l*x + 19 - 3 = 0. Suppose 8*z - d*z - 93 = 0. List the prime factors of z.
31
Let o(d) = -29*d - 7. Let u be (-4)/(-7 + -1)*-6. What are the prime factors of o(u)?
2, 5
Let m(c) = -c**3 + 11*c**2 - 11*c + 14. Let w be m(10). Let u be -1 - 3/((-3)/w). Suppose u*j + 3 - 57 = 0. List the prime factors of j.
2, 3
Let g be ((-93)/3)/(4/16). Let y = 215 + g. List the prime factors of y.
7, 13
Let a(f) = f + 1. Let s be a(0). Let g(u) = 32*u + 2. List the prime factors of g(s).
2, 17
Suppose -1769 = -5*x + 6131. List the prime factors of x.
2, 5, 79
Suppose -3*d + 2*d = -73. Let k = d + -39. List the prime factors of k.
2, 17
Let o be 4836/24 + (-2)/4. Let p = -115 + o. List the prime factors of p.
2, 43
Let v = 296 - 135. Suppose 2*b = -3*z + v, -4*b + z = -b - 269. List the prime factors of 7/35 + b/10.
3
Suppose 3*l = 2*l. Suppose 6*m - m - 5 = l. Suppose -z + 8 = m. What are the prime factors of z?
7
Suppose -4*g = 3*a - 154 - 107, 4*g - 4*a - 268 = 0. Let s(b) = b**2 - 3*b - 2. Let r be s(-3). Suppose k = -r + g. What are the prime factors of k?
2, 5
Let l = 305 - -554. List the prime factors of l.
859
Let j(i) = 5*i - 4. Let c(z) = 11*z - 7. Let k(y) = 4*c(y) - 9*j(y). Let q be k(6). Suppose o + 15 = q*o. What are the prime factors of o?
3, 5
Suppose 6*w - 346 = 446. What are the prime factors of w?
2, 3, 11
Let k(n) = 8*n**2 + n + 1. Let m be ((-18)/(-15))/(1/(-5)). Let p = m + 4. What are the prime factors of k(p)?
31
Let m(o) = -o**3 - 10*o**2 - o - 10. Let h be m(-10). Let f = h - -3. Suppose -f*l = -0*l - 60. What are the prime factors of l?
2, 5
Let c be (4/8 + 0)/(2/(-404)). Let l = 194 + c. What are the prime factors of l?
3, 31
Suppose 216 = -16*j + 10*j. Let y = 45 - j. What are the prime factors of y?
3
What are the prime factors of 949 - 20/(-5)*-2?
941
Suppose 1888 = -4*g + 12*g. List the prime factors of (-4)/(-7) + g/28.
3
List the prime factors of (-28)/12*-93 + -5.
2, 53
Let q(k) = -2*k**2 - 8*k + 6. Let r be q(7). Let z = -97 - r. Let o = -26 + z. List the prime factors of o.
5
Let l(o) = 2*o - 4. Let r(d) = d. Let v(n) = l(n) - 3*r(n). Suppose -3*z + 0*z - 33 = 3*x, 3*x + 5*z + 43 = 0. What are the prime factors of v(x)?
2
Suppose 10*t = 8*t + 2, -4*r + 3*t = -13125. List the prime factors of r.
2, 3, 547
Let o(s) be the second derivative of s**3/2 + 10*s**2 + 3*s. Let b be o(-8). What are the prime factors of (-7)/(b - (-95)/25)?
5, 7
Let x = -6382 - -9827. List the prime factors of x.
5, 13, 53
Suppose -p - 115 = -437. What are the prime factors of p?
2, 7, 23
Let u be (2/1)/(4/10). Let v be u + (0 - (1 - -2)). Suppose -r + 70 = r - 2*h, -v*h = 4*r - 116. List the prime factors of r.
31
Let q = 16 + -14. Suppose -d + 11 = -q*d. Let p(m) = -m - 8. List the prime factors of p(d).
3
Suppose -5*l = 2*f - 18, -4*f + 5*l + 8 = l. Suppose -z + 2*t = -181, 2 = -f*z + 4*t + 734. List the prime factors of z.
5, 37
Suppose 483 = -2*m + 5*m. Suppose -4*d = -o + 4*o - m, -5*o = -2*d + 87. What are the prime factors of d?
41
Suppose -2*j - 8 = 4*m, -10*j - 5*m = -7*j + 9. Suppose -2*q + 620 = 5*r, 3*r - 248 - 124 = -j*q. What are the prime factors of r?
2, 31
Suppose 26*k - 3310 - 19102 = 0. What are the prime factors of k?
2, 431
List the prime factors of (-64)/320 - 87828/(-15).
5, 1171
Let v(l) = -l + 9. Let k be v(2). Let o(a) be the second derivative of -a**5/20 + a**4/2 + 3*a**3/2 + a. List the prime factors of o(k).
2, 7
Let n(c) = -c**3 - 10*c**2 - 7*c + 13. Suppose 2*l + 3*l + 45 = 0. Let a be n(l). Let w(i) = -9*i + 4. List the prime factors of w(a).
7
Let g be 38/(-209) - (-1179)/11. Let i = 216 - g. What are the prime factors of i?
109
Suppose 0 = 2*n - 4, -b + 4*n + 495 = 59. List the prime factors of b.
2, 3, 37
Let f(g) = -g**2 - 3*g + 10. Let u be f(4). Let l(b) = -4*b + 26. What are the prime factors of l(u)?
2, 7
Let j(l) = -2*l**2 + 1. Let u be j(-1). Let v(g) = 3*g - 25. Let f be v(8). What are the prime factors of u/f*19/1?
19
Let d be 2/7 - (-549)/63. Let y = 79 + d. What are the prime factors of y?
2, 11
Let f(g) = g**3 + 4*g**2 - 20*g + 7. Let u be f(-7). Suppose u = -h + w + 88, -4*w = 7*h - 2*h - 395. List the prime factors of h.
83
Let d be (-98)/(-10) + -6 + (-2)/(-10). What are the prime factors of (-10)/2*(d + (-948)/15)?
2, 37
Suppose -33*d = -36*d + 3765. What are the prime factors of d?
5, 251
Let j(z) = -z**3 - 10*z**2 + 23*z + 66. List the prime factors of j(-12).
2, 3, 13
Suppose -4*b = 5*v - 14, 0 = 3*b - 0 + 12. Let q(z) = -2*z**3 + 10*z**2 - 9*z + 2. Let k be q(v). Let c = -67 - k. List the prime factors of c.
3, 19
Let h be (0 + 2)/(-1) - -17. Let g be -2 - 5*(2 + -1). Let r = h + g. What are the prime factors of r?
2
Let r = 472 + -211. Let p = r + -170. List the prime factors of p/14 - (-2)/(-4).
2, 3
Let n(m) = m**2 + 30*m + 121. What are the prime factors of n(-40)?
521
What are the prime factors of 1662 - (7 - (-84)/(-12))?
2, 3, 277
Let t = -683 - -1291. List the prime factors of t.
2, 19
Suppose -2*d = u + d - 384, 0 = -d + 2. List the prime factors of u.
2, 3, 7
Let y(a) = a**3 - 11*a**2 + 12*a + 4. Let w(z) = z**2 - 4*z + 5. Let g be w(5). What are the prime factors of y(g)?
2, 3
Let g(z) = z**3 + z**2 + z + 1. Let u be g(0). List the prime factors of 28/(-4)*u*-5.
5, 7
What are the prime factors of (48/(-10))/(1108/280 - 4)?
2, 7
Let m = -2661 - -3243. What are the prime factors of m?
2, 3, 97
Let i(m) = m + 4. Let x be i(-8). Let j = -40 - x. List the prime factors of (-3)/6*2*j.
2, 3
Let p(q) = 223*q**2 + 16*q + 28. What are the prime factors of p(-2)?
2, 3, 37
Let u be 1/(59/(-225) - 6/(-27)). Let d = u + 75. What are the prime factors of d?
2, 5
What are the prime factors of (1874/5)/((-72)/(-180))?
937
Let l = 53 + -25. Let w = l - 9. List the prime factors of w.
19
Let v = 5487 - 3562. List the prime factors of v.
5, 7, 11
Suppose -4*g = -2*t - 3*t + 564, -563 = -5*t + 3*g